 6770375 and 30125?
125
What is the greatest common divisor of 34 and 11619112?
2
Calculate the highest common factor of 11745767 and 11.
11
What is the greatest common divisor of 33683 and 18187?
13
What is the highest common divisor of 21218492 and 57368?
284
What is the highest common divisor of 299578 and 42958?
94
What is the greatest common factor of 21 and 63524601?
21
What is the highest common divisor of 392500 and 89804?
628
Calculate the highest common divisor of 61133916 and 2516.
148
Calculate the highest common factor of 40345872 and 336.
336
Calculate the highest common divisor of 807122 and 61766.
694
Calculate the highest common factor of 14772582 and 671.
11
Calculate the highest common divisor of 9638778 and 54.
6
What is the greatest common divisor of 127252420 and 50?
10
What is the highest common divisor of 80 and 27898480?
80
What is the greatest common factor of 1996167 and 1968?
123
Calculate the highest common divisor of 1602 and 97990602.
534
Calculate the highest common factor of 136097108 and 980.
196
What is the greatest common divisor of 2006 and 949722?
34
Calculate the highest common factor of 50230425 and 45549.
5061
Calculate the greatest common divisor of 43667 and 29341.
13
Calculate the highest common factor of 1672 and 2246391356.
836
What is the highest common divisor of 3535546859 and 13?
13
What is the highest common divisor of 12900 and 3145839150?
6450
What is the greatest common divisor of 30 and 1338826690?
10
What is the highest common factor of 10426767 and 1326?
39
Calculate the greatest common divisor of 2649 and 127211161.
883
What is the greatest common factor of 79381044 and 90?
18
What is the greatest common factor of 197946 and 194804?
3142
What is the greatest common factor of 31008 and 32069568?
1824
Calculate the highest common factor of 1084 and 2010007.
271
Calculate the highest common divisor of 3263 and 597831.
13
Calculate the greatest common factor of 58 and 13511100.
58
What is the highest common factor of 6103 and 265829?
17
Calculate the highest common factor of 100 and 111654500.
100
Calculate the highest common divisor of 6550775 and 250.
25
What is the greatest common divisor of 10233 and 100056?
1137
Calculate the greatest common factor of 12558 and 6838728.
1794
What is the greatest common factor of 2030636 and 201?
67
What is the highest common factor of 18515 and 26780740?
805
What is the highest common divisor of 150 and 449208525?
75
What is the highest common factor of 19684 and 7372?
76
What is the highest common factor of 6790 and 1412?
2
What is the greatest common divisor of 4 and 498308?
4
Calculate the greatest common divisor of 10297432 and 8.
8
What is the greatest common factor of 34647237 and 316568?
5653
What is the highest common factor of 17364 and 40140?
12
What is the greatest common divisor of 86957 and 16744?
13
Calculate the greatest common factor of 52843328 and 69.
23
What is the greatest common divisor of 32292064 and 2464?
224
Calculate the greatest common factor of 53965 and 8144950.
1255
What is the greatest common divisor of 8640 and 205875?
135
Calculate the greatest common factor of 120 and 28356810.
30
Calculate the greatest common factor of 106 and 74646101.
53
Calculate the highest common divisor of 1203093 and 36.
9
Calculate the highest common divisor of 407842 and 288.
2
What is the greatest common divisor of 704 and 1590248?
88
What is the highest common divisor of 3510 and 3986580?
390
Calculate the greatest common factor of 4764560 and 1880.
40
Calculate the highest common divisor of 202024599 and 2058.
1029
Calculate the greatest common factor of 12 and 4803866.
2
What is the highest common factor of 6134700 and 968?
484
Calculate the highest common divisor of 20768904 and 936.
936
What is the highest common factor of 31083 and 2067?
39
What is the greatest common divisor of 113233046 and 114?
38
Calculate the greatest common factor of 149 and 30181.
1
Calculate the greatest common factor of 45214 and 968623.
1739
What is the highest common factor of 10901 and 27156373?
991
What is the greatest common factor of 933114 and 1248?
78
Calculate the greatest common factor of 69563 and 832.
13
Calculate the greatest common divisor of 289 and 10107265.
17
What is the greatest common factor of 1500 and 817482?
6
Calculate the highest common factor of 521898 and 5512.
26
What is the highest common factor of 241068 and 1068?
12
Calculate the greatest common divisor of 1356 and 17149332.
1356
Calculate the greatest common divisor of 335661 and 3235913.
881
Calculate the highest common factor of 241070192 and 3184.
3184
Calculate the greatest common divisor of 24 and 5292004.
4
Calculate the greatest common divisor of 47610228 and 232.
116
What is the greatest common divisor of 643132 and 586276?
412
Calculate the highest common divisor of 76936 and 72.
8
What is the highest common divisor of 33303490 and 4730?
110
What is the highest common factor of 153052925 and 2875?
575
Calculate the highest common divisor of 724500 and 1073870.
1610
What is the highest common factor of 40573 and 279747?
13
Calculate the highest common factor of 5959566 and 11454.
498
What is the greatest common factor of 183476194 and 14278?
1298
Calculate the highest common divisor of 293795 and 2673973.
877
Calculate the greatest common divisor of 23792 and 17222434.
2974
What is the greatest common factor of 24645 and 24359955?
465
Calculate the highest common factor of 480 and 5274120.
120
What is the highest common divisor of 3380231 and 15235?
277
What is the highest common factor of 347430 and 1350870?
1110
What is the greatest common divisor of 2893 and 129055941?
263
What is the highest common divisor of 248428930 and 790?
790
What is the highest common factor of 4128872 and 33?
11
Calculate the highest common factor of 13110 and 127326030.
570
What is the greatest common divisor of 172689867 and 6525?
261
What is the greatest common factor of 13226528 and 10960?
2192
What is the greatest common factor of 21426508 and 788?
788
What is the greatest common divisor of 10839994 and 418?
418
What is the highest common divisor of 102174656 and 3480?
232
Calculate the greatest common divisor of 35376 and 33.
33
Calculate the greatest common factor of 3276 and 1261084.
4
Calculate the highest common divisor of 3368132 and 6412.
916
What is the greatest common factor of 24255 and 711865?
385
Calculate the highest common divisor of 2479162 and 2268.
14
Calculate the greatest common divisor of 324 and 6445512.
36
What is the greatest common factor of 911904 and 157353?
1239
Calculate the greatest common divisor of 5886 and 2338704.
1962
What is the highest common factor of 5700 and 837075?
75
What is the greatest common divisor of 372039 and 710467?
1159
Calculate the greatest common divisor of 41013368 and 8.
8
Calculate the highest common divisor of 188265 and 35.
35
Calculate the highest common divisor of 169865 and 15105.
265
What is the highest common factor of 2019793160 and 14?
14
Calculate the greatest common divisor of 263832670 and 380.
190
What is the greatest common divisor of 174 and 5265066?
174
Calculate the highest common factor of 13205868 and 624.
156
What is the greatest common factor of 93647 and 151?
1
What is the highest common divisor of 819924 and 88076?
908
Calculate the highest common factor of 90114584 and 24080.
2408
What is the highest common factor of 358 and 12953514?
358
What is the greatest common factor of 50690 and 334702?
74
Calculate the highest common divisor of 326 and 134548187.
163
Calculate the highest common divisor of 742 and 9035390.
14
What is the highest common factor of 11394285 and 560?
35
Calculate the greatest common divisor of 6256 and 1525447400.
3128
What is the highest common divisor of 7712498 and 368?
46
What is the greatest common divisor of 835 and 7677157?
167
What is the highest common factor of 322629 and 19434?
123
Calculate the greatest common factor of 260238 and 246.
6
What is the greatest common factor of 146 and 2584857?
73
What is the highest common divisor of 67481829 and 1944?
243
What is the highest common divisor of 2517 and 8544?
3
What is the highest common divisor of 8 and 380116?
4
What is th